69
What are the prime factors of 6546?
2, 3, 1091
List the prime factors of 59.
59
List the prime factors of 2301.
3, 13, 59
What are the prime factors of 15326?
2, 79, 97
List the prime factors of 11180.
2, 5, 13, 43
List the prime factors of 5445.
3, 5, 11
List the prime factors of 29508.
2, 3, 2459
What are the prime factors of 22819?
19, 1201
What are the prime factors of 1245?
3, 5, 83
What are the prime factors of 4761?
3, 23
List the prime factors of 899.
29, 31
What are the prime factors of 97130?
2, 5, 11, 883
What are the prime factors of 22407?
3, 7, 11, 97
List the prime factors of 12549.
3, 47, 89
List the prime factors of 465.
3, 5, 31
What are the prime factors of 86493?
3, 11, 2621
What are the prime factors of 1135?
5, 227
What are the prime factors of 1643?
31, 53
List the prime factors of 1675.
5, 67
What are the prime factors of 551?
19, 29
List the prime factors of 792.
2, 3, 11
List the prime factors of 70420.
2, 5, 7, 503
List the prime factors of 9026.
2, 4513
List the prime factors of 5036.
2, 1259
What are the prime factors of 3568?
2, 223
List the prime factors of 2581.
29, 89
What are the prime factors of 12788?
2, 23, 139
What are the prime factors of 1292?
2, 17, 19
What are the prime factors of 4042?
2, 43, 47
List the prime factors of 815.
5, 163
What are the prime factors of 5415?
3, 5, 19
List the prime factors of 39341.
39341
List the prime factors of 122625.
3, 5, 109
What are the prime factors of 255?
3, 5, 17
List the prime factors of 2585.
5, 11, 47
List the prime factors of 12711.
3, 19, 223
List the prime factors of 9927.
3, 1103
What are the prime factors of 10079?
10079
List the prime factors of 1489.
1489
List the prime factors of 7174.
2, 17, 211
What are the prime factors of 14050?
2, 5, 281
What are the prime factors of 60?
2, 3, 5
List the prime factors of 22492.
2, 5623
List the prime factors of 40311.
3, 1493
What are the prime factors of 1193?
1193
What are the prime factors of 9445?
5, 1889
What are the prime factors of 11803?
11, 29, 37
List the prime factors of 596.
2, 149
List the prime factors of 2206.
2, 1103
List the prime factors of 322.
2, 7, 23
What are the prime factors of 4698?
2, 3, 29
List the prime factors of 3708.
2, 3, 103
List the prime factors of 3981.
3, 1327
List the prime factors of 137.
137
What are the prime factors of 37515?
3, 5, 41, 61
What are the prime factors of 11851?
7, 1693
What are the prime factors of 7635?
3, 5, 509
List the prime factors of 1723.
1723
List the prime factors of 741.
3, 13, 19
List the prime factors of 6067.
6067
What are the prime factors of 51836?
2, 12959
What are the prime factors of 21625?
5, 173
What are the prime factors of 4678?
2, 2339
What are the prime factors of 23103?
3, 17, 151
What are the prime factors of 4054?
2, 2027
List the prime factors of 2449.
31, 79
What are the prime factors of 118?
2, 59
List the prime factors of 42409.
42409
List the prime factors of 129.
3, 43
List the prime factors of 17945.
5, 37, 97
What are the prime factors of 1778?
2, 7, 127
List the prime factors of 1099.
7, 157
What are the prime factors of 943?
23, 41
List the prime factors of 1049.
1049
List the prime factors of 66558.
2, 3, 11093
List the prime factors of 423.
3, 47
What are the prime factors of 3052?
2, 7, 109
What are the prime factors of 35007?
3, 7, 1667
List the prime factors of 2584.
2, 17, 19
What are the prime factors of 1743?
3, 7, 83
What are the prime factors of 83752?
2, 19, 29
What are the prime factors of 5706?
2, 3, 317
List the prime factors of 4733.
4733
What are the prime factors of 4122?
2, 3, 229
What are the prime factors of 5113?
5113
What are the prime factors of 27789?
3, 59, 157
What are the prime factors of 709?
709
List the prime factors of 6211.
6211
What are the prime factors of 14849?
31, 479
List the prime factors of 27029.
151, 179
List the prime factors of 10492.
2, 43, 61
What are the prime factors of 894?
2, 3, 149
List the prime factors of 17716.
2, 43, 103
What are the prime factors of 15990?
2, 3, 5, 13, 41
What are the prime factors of 4889?
4889
List the prime factors of 6266.
2, 13, 241
List the prime factors of 3127.
53, 59
List the prime factors of 2235.
3, 5, 149
List the prime factors of 80528.
2, 7, 719
List the prime factors of 1182.
2, 3, 197
What are the prime factors of 10595?
5, 13, 163
What are the prime factors of 16499?
7, 2357
What are the prime factors of 94447?
94447
List the prime factors of 11329.
11329
List the prime factors of 23470.
2, 5, 2347
List the prime factors of 2041.
13, 157
What are the prime factors of 6284?
2, 1571
List the prime factors of 25.
5
List the prime factors of 990.
2, 3, 5, 11
List the prime factors of 41422.
2, 139, 149
List the prime factors of 10577.
7, 1511
List the prime factors of 9005.
5, 1801
What are the prime factors of 87617?
41, 2137
What are the prime factors of 2113?
2113
What are the prime factors of 773?
773
List the prime factors of 16012.
2, 4003
List the prime factors of 54636.
2, 3, 29, 157
List the prime factors of 3196.
2, 17, 47
List the prime factors of 4215.
3, 5, 281
What are the prime factors of 27124?
2, 6781
What are the prime factors of 27086?
2, 29, 467
What are the prime factors of 9931?
9931
What are the prime factors of 27901?
27901
List the prime factors of 64704.
2, 3, 337
What are the prime factors of 2705?
5, 541
List the prime factors of 6619.
6619
What are the prime factors of 34101?
3, 421
What are the prime factors of 6231?
3, 31, 67
List the prime factors of 40278.
2, 3, 7, 137
List the prime factors of 18789.
3, 6263
What are the prime factors of 32008?
2, 4001
What are the prime factors of 486?
2, 3
What are the prime factors of 3721?
61
What are the prime factors of 66752?
2, 7, 149
What are the prime factors of 114?
2, 3, 19
What are the prime factors of 86142?
2, 3, 7, 293
List the prime factors of 56341.
103, 547
List the prime factors of 34502.
2, 13, 1327
List the prime factors of 10995.
3, 5, 733
What are the prime factors of 4649?
4649
List the prime factors of 934.
2, 467
What are the prime factors of 858?
2, 3, 11, 13
List the prime factors of 51641.
113, 457
What are the prime factors of 73179?
3, 47, 173
What are the prime factors of 2741?
2741
List the prime factors of 6467.
29, 223
List the prime factors of 3967.
3967
What are the prime factors of 4525?
5, 181
List the prime factors of 3334.
2, 1667
What are the prime factors of 5839?
5839
What are the prime factors of 795?
3, 5, 53
What are the prime factors of 23641?
47, 503
What are the prime factors of 10233?
3, 379
List the prime factors of 80600.
2, 5, 13, 31
What are the prime factors of 48572?
2, 12143
List the prime factors of 3137.
3137
What are the prime factors of 30698?
2, 15349
What are the prime factors of 4109?
7, 587
What are the prime factors of 33061?
7, 4723
List the prime factors of 268.
2, 67
What are the prime factors of 103330?
2, 5, 10333
List the prime factors of 17387.
17387
List the prime factors of 13659.
3, 29, 157
List the prime factors of 2191.
7, 313
What are the prime factors of 975?
3, 5, 13
What are the prime factors of 1202?
2, 601
What are the prime factors of 667?
23, 29
List the prime factors of 9576.
2, 3, 7, 19
List the prime factors of 63764.
2, 19, 839
List the prime factors of 362.
2, 181
List the prime factors of 4080.
2, 3, 5, 17
List the prime factors of 112457.
107, 1051
List the prime factors of 274.
2, 137
List the prime factors of 45589.
45589
List the prime factors of 4822.
2, 2411
What are the prime factors of 1722?
2, 3, 7, 41
List the prime factors of 18445.
5, 7, 17, 31
List the prime factors of 3223.
11, 293
List the prime factors of 38875.
5, 311
List the prime factors of 134.
2, 67
What are the prime factors of 1351?
7, 193
List the prime factors of 173.
173
List the prime factors of 5033.
7, 719
List the prime factors of 25802.
2, 7, 19, 97
List the prime factors of 93318.
2, 3, 103, 151
What are the prime factors of 892?
2, 223
What are the prime factors of 23876?
2, 47, 127
What are the prime factors of 8413?
47, 179
What are the prime factors of 17264?
2, 13, 83
List the prime factors of 5607.
3, 7, 89
List the prime factors of 15095.
5, 3019
What are the prime factors of 22122?